t of 2082224?
8
What is the tens digit of 1762527?
2
What is the ten thousands digit of 185207?
8
What is the units digit of 101941?
1
What is the units digit of 787488?
8
What is the thousands digit of 3377705?
7
What is the thousands digit of 8938424?
8
What is the tens digit of 178425?
2
What is the ten thousands digit of 155358?
5
What is the thousands digit of 3456543?
6
What is the tens digit of 59529?
2
What is the ten thousands digit of 1597102?
9
What is the hundred thousands digit of 17761372?
7
What is the thousands digit of 277166?
7
What is the units digit of 24901784?
4
What is the thousands digit of 1261459?
1
What is the units digit of 8244295?
5
What is the tens digit of 2025697?
9
What is the hundreds digit of 44065036?
0
What is the ten thousands digit of 30927?
3
What is the hundreds digit of 12524276?
2
What is the hundred thousands digit of 6181562?
1
What is the thousands digit of 29205451?
5
What is the thousands digit of 6585643?
5
What is the hundreds digit of 72816?
8
What is the ten thousands digit of 706829?
0
What is the thousands digit of 3779609?
9
What is the hundreds digit of 192085?
0
What is the ten millions digit of 27155128?
2
What is the tens digit of 8467192?
9
What is the hundred thousands digit of 360988?
3
What is the units digit of 225406?
6
What is the hundred thousands digit of 6995580?
9
What is the tens digit of 495779?
7
What is the hundred thousands digit of 7381259?
3
What is the ten thousands digit of 1312633?
1
What is the millions digit of 1350105?
1
What is the ten thousands digit of 10025185?
2
What is the ten thousands digit of 739794?
3
What is the hundred thousands digit of 155640?
1
What is the ten thousands digit of 116089?
1
What is the thousands digit of 122980?
2
What is the hundred thousands digit of 4194859?
1
What is the thousands digit of 4153729?
3
What is the ten thousands digit of 322087?
2
What is the hundred thousands digit of 34720280?
7
What is the millions digit of 5410365?
5
What is the thousands digit of 4664070?
4
What is the thousands digit of 656967?
6
What is the ten thousands digit of 854913?
5
What is the hundreds digit of 1756783?
7
What is the tens digit of 157129?
2
What is the thousands digit of 2743512?
3
What is the thousands digit of 7040245?
0
What is the thousands digit of 5220264?
0
What is the hundreds digit of 592463?
4
What is the millions digit of 2011616?
2
What is the ten thousands digit of 210846?
1
What is the units digit of 318044?
4
What is the hundred thousands digit of 269467?
2
What is the hundreds digit of 13218741?
7
What is the tens digit of 213464?
6
What is the hundreds digit of 588972?
9
What is the units digit of 651421?
1
What is the thousands digit of 1180049?
0
What is the hundred thousands digit of 3007224?
0
What is the millions digit of 28429788?
8
What is the ten thousands digit of 23906?
2
What is the tens digit of 368308?
0
What is the tens digit of 81799?
9
What is the ten millions digit of 10138201?
1
What is the tens digit of 2845163?
6
What is the ten thousands digit of 5523053?
2
What is the thousands digit of 240901?
0
What is the thousands digit of 6202286?
2
What is the hundred thousands digit of 143693?
1
What is the millions digit of 4294902?
4
What is the units digit of 744770?
0
What is the millions digit of 3493412?
3
What is the hundred thousands digit of 14969817?
9
What is the hundreds digit of 863175?
1
What is the units digit of 4005807?
7
What is the millions digit of 6375012?
6
What is the hundreds digit of 4323269?
2
What is the millions digit of 2877339?
2
What is the hundreds digit of 30954523?
5
What is the thousands digit of 10654757?
4
What is the hundred thousands digit of 226990?
2
What is the units digit of 102061?
1
What is the thousands digit of 665170?
5
What is the hundred thousands digit of 239586?
2
What is the units digit of 27414797?
7
What is the tens digit of 1493190?
9
What is the hundred thousands digit of 166489?
1
What is the hundreds digit of 2788630?
6
What is the thousands digit of 308592?
8
What is the millions digit of 1129442?
1
What is the ten millions digit of 29953396?
2
What is the hundred thousands digit of 441416?
4
What is the units digit of 14821510?
0
What is the ten thousands digit of 280680?
8
What is the ten millions digit of 11018372?
1
What is the units digit of 30274745?
5
What is the hundreds digit of 160882?
8
What is the thousands digit of 2148682?
8
What is the hundreds digit of 768188?
1
What is the tens digit of 249334?
3
What is the ten millions digit of 14187208?
1
What is the thousands digit of 64756?
4
What is the hundred thousands digit of 45247018?
2
What is the hundreds digit of 131273?
2
What is the hundreds digit of 8934?
9
What is the tens digit of 117457?
5
What is the thousands digit of 2970872?
0
What is the ten thousands digit of 12741985?
4
What is the ten thousands digit of 7961687?
6
What is the ten thousands digit of 200850?
0
What is the tens digit of 526941?
4
What is the units digit of 114650?
0
What is the millions digit of 2043489?
2
What is the hundreds digit of 9776745?
7
What is the thousands digit of 1279864?
9
What is the units digit of 530810?
0
What is the millions digit of 1132951?
1
What is the tens digit of 36718437?
3
What is the hundreds digit of 239776?
7
What is the hundred thousands digit of 344912?
3
What is the millions digit of 1845067?
1
What is the hundred thousands digit of 309910?
3
What is the hundred thousands digit of 1015068?
0
What is the millions digit of 22038158?
2
What is the thousands digit of 41058?
1
What is the millions digit of 5472799?
5
What is the ten millions digit of 10354166?
1
What is the ten thousands digit of 4267414?
6
What is the ten thousands digit of 22531655?
3
What is the hundreds digit of 9540027?
0
What is the ten thousands digit of 489198?
8
What is the millions digit of 12909570?
2
What is the hundred thousands digit of 3736823?
7
What is the millions digit of 5878688?
5
What is the hundreds digit of 11692011?
0
What is the hundreds digit of 210660?
6
What is the hundreds digit of 65343?
3
What is the ten millions digit of 13948756?
1
What is the units digit of 12374?
4
What is the hundreds digit of 252927?
9
What is the tens digit of 793954?
5
What is the ten thousands digit of 327544?
2
What is the hundreds digit of 2128826?
8
What is the thousands digit of 2555194?
5
What is the hundreds digit of 28390?
3
What is the thousands digit of 15035752?
5
What is the hundreds digit of 13532890?
8
What is the ten thousands digit of 11972014?
7
What is the tens digit of 13308119?
1
What is the units digit of 280849?
9
What is the units digit of 7375973?
3
What is the units digit of 4548823?
3
What is the hundred thousands digit of 1783354?
7
What is the thousands digit of 840054?
0
What is the hundreds digit of 208076?
0
What is the hundred thousands digit of 2936495?
9
What is the hundred thousands digit of 35496464?
4
What is the units digit of 374487?
7
What is the thousands digit of 5151491?
1
What is the tens digit of 244318?
1
What is the ten millions digit of 22380054?
2
What is the millions digit of 3435731?
3
What is the tens digit of 26067611?
1
What is the hundred thousands digit of 223393?
2
What is the thousands digit of 5197922?
7
What is the ten thousands digit of 15717325?
1
What is the hundreds digit of 2263044?
0
What is the hundreds digit of 472026?
0
What is the ten thousands digit of 6551621?
5
What is the ten thousands digit of 537028?
3
What is the millions digit of 3049467?
3
What is the hundreds digit of 68148?
1
What is the thousands digit of 13207?
3
What is the ten thousands digit of 852796?
5
What is the units digit of 175208?
8
What is the hundreds digit of 1589711?
7
What is the hundreds digit of 1557214?
2
What is the thousands digit of 211849?
1
What is the hundreds digit of 702906?
9
What is the units digit of 288323?
3
What is the thousands digit of 5923064?
3
What is the hundred thousands digit of 270358?
2
What is the tens digit of 34934568?
6
What is the thousands digit of 325197?
5
What is the tens digit of 1508461?
6
What is the tens digit of 73212?
1
What is the thousands digit of 64090?
4
What is the hundreds digit of 19484134?
1
What is 